8*6/w?
2, 5, 11
Let o(g) = 3*g**3 - 9*g**2 + 8*g - 4. Suppose -88*t + 89*t = 15. Suppose -20 = -7*q + t. List the prime factors of o(q).
2, 3, 31
Let c be (1 + 9)*(1/(-2) - 1). What are the prime factors of -2 + (c + -82)/(1/(-7))?
677
Suppose 25 = -d + 28. Suppose 2*y = d*o - 4, -5*o + 2 = -y + 7. What are the prime factors of (2 - (o - -3))*126?
2, 3, 7
Suppose -6*z + 12 = 4*f - 4*z, -10 = -f + 3*z. Suppose f*h = 5*k + 1392, -1416 = -4*h - 4*k + 3*k. What are the prime factors of h?
353
Let s(q) = q**2 + 14*q + 46. Let l be s(-18). Let h = l + -115. Suppose 0 = -m - 0*m + h*b + 265, 5*m + 5*b = 1225. What are the prime factors of m?
2, 5
Let q = -6760 + 41671. What are the prime factors of q?
3, 431
Let u be 10 - (210/6)/(-7). Let c(s) = -s**3 + 17*s**2 - 16*s + 21. What are the prime factors of c(u)?
3, 7, 11
Suppose -2*g + 172 = 4*r, -4*g - 152 = -5*r + 50. Let c(d) = 27*d + 6 + 19*d - r*d - 27. What are the prime factors of c(7)?
7
Let i = -8737 + 12948. What are the prime factors of i?
4211
Suppose 0 = -5*h + 63 - 8. Let z(a) = 7*a**2 - 26*a + 59. List the prime factors of z(h).
2, 5, 31
Suppose 3*q - 9636 = 62040. List the prime factors of q.
2, 3, 11, 181
Suppose -173*l = 53*l - 5522762. List the prime factors of l.
7, 3491
Let o(v) = 24*v**2 + 43*v + 17. Let f be o(5). Let w = f - 778. What are the prime factors of w?
2, 3
Suppose -2*u + 4*r + 439 - 45 = 0, -202 = -u + r. Suppose 2*t = u + 1419. What are the prime factors of t?
3, 271
Let p be (-22)/(-5)*2*(9 - 4). Suppose 42*c = p*c - 8. Suppose 2*h - 323 = -3*n, 3*n + 2*h = c*h + 331. List the prime factors of n.
109
Let c = -32 - -43. Suppose -c = 5*u + 4. What are the prime factors of (-1 + 9 - (u + 3)) + 2?
2, 5
Suppose 0 = d + 4*d - 110. Suppose -d = -4*y - v - 2*v, 5*v - 30 = -5*y. Suppose -y*n = -2*c + 82, -3*c + 5*n = -69 - 49. List the prime factors of c.
31
Let x(r) = 19*r**2 + r. Let h = -29 + 31. Let s be x(h). What are the prime factors of -1 + s/(-1 - -4)?
5
Suppose -13*m - 34178 + 51625 = -115751. What are the prime factors of m?
2, 47, 109
Let n(c) = 13*c + 106. Suppose 0 = -4*z + 26 + 6. List the prime factors of n(z).
2, 3, 5, 7
Let a(w) = -77*w - 6. Let j be a(-1). Let y = 29 + j. List the prime factors of y.
2, 5
Let u(o) = 74*o**3 - o**2 - o + 1. Let r(i) = 4*i + 17. Let s be r(-4). List the prime factors of u(s).
73
Let t(b) = 7*b**2 - 5*b - 4. Let v be t(4). Let y = 92 - v. Suppose 0 = y*j + 2*l - 56, 0 = -3*j - 2*j + 5*l + 40. What are the prime factors of j?
2, 3
Let t = 167 - 163. Suppose -2*y + 678 = 4*j - 188, 0 = t*j + 3*y - 871. List the prime factors of j.
2, 107
Let h(l) = -3*l + 48. Let p be h(15). Suppose -2*u + p*u - b - 375 = 0, -4*b + 365 = u. List the prime factors of u.
373
Suppose 17*r + 2*r - 330372 = 0. Suppose 32*c - r = 18*c. What are the prime factors of c?
2, 3, 23
Let w(z) = 11*z + 707. List the prime factors of w(-56).
7, 13
Suppose 16*p - 524139 = -58*p + 2772265. What are the prime factors of p?
2, 22273
Suppose 4*k - 2*k - 4 = 0. Suppose -2*v = -3*t + 28, 0 = -2*v - k*v - t - 28. What are the prime factors of ((-62)/v)/((-1)/(-4))?
31
Let i(x) = -57*x + 4. Suppose -8 = -3*f + 2*f. Suppose f*z + 3 = -13. What are the prime factors of i(z)?
2, 59
Let k = 28506 + -11622. List the prime factors of k.
2, 3, 7, 67
Suppose -37 = -4*g - 5*i, -5 = 7*g - 8*g + 3*i. Suppose 0 = 5*n - g*n + 9. Suppose -4*b - 173 = -n*f, -3*f + 2*f = -4*b - 71. What are the prime factors of f?
3, 17
Suppose 9*m + v = 10*m - 29, -5*m + 2*v = -154. Let r(t) = 11*t + 4. Let d be r(4). What are the prime factors of (m*1)/(d/20 - 2)?
2, 5
Let o(n) = n**3 - 9*n**2 - 23*n + 14. Let r be o(11). Suppose -r*p - 2*v + 63 + 25 = 0, -3*p + 4*v = -76. What are the prime factors of p?
2, 7
What are the prime factors of (77104/24)/(18/81)?
3, 61, 79
Suppose -120675 = -2*n + 3*j, 5*n - 125*j - 301730 = -126*j. What are the prime factors of n?
3, 5, 149
List the prime factors of ((-8420)/(-16))/((-25)/100 + 22/80).
2, 5, 421
Let q(d) = 5*d**2 + 6*d + 253. Let x(t) = 3*t**2 + 4*t + 126. Let l(p) = -4*q(p) + 7*x(p). List the prime factors of l(14).
2, 61
Suppose 4*d + 10 = 2*v, 15 = 3*v - 0*v. Let n(a) = 6 + 6*a - 7*a + 3*a - 3*a**3 + 2*a**2 + d*a**2. List the prime factors of n(-3).
3, 11
Let m be 6/14*(-21)/(-6)*2. Suppose -m = 2*s - 3*k + 3, -4*s = -5*k + 14. Let h(w) = -w**3 - 6*w**2 - 12*w + 8. What are the prime factors of h(s)?
2, 5
Let t = 7 + -5. Let b(f) = 2*f**2 + f**t - 4*f**2 + 2*f + 2*f**2 - 5. What are the prime factors of b(-6)?
19
Suppose 35*f = 34*f + 1242. Suppose 5*l = -j + 4577, -3*l + 3981 = -3*j + f. List the prime factors of l.
3, 5, 61
Let h(k) be the first derivative of 13*k**4/12 - k**3/6 - 3*k**2/2 - 8*k + 5. Let w(x) be the first derivative of h(x). What are the prime factors of w(3)?
3, 37
Suppose 88 = -2*k + 88. Suppose -3*r + k*t - 4*t + 426 = 0, t - 142 = -r. What are the prime factors of r?
2, 71
Let h(i) = 8914*i - 903. List the prime factors of h(2).
5, 677
Let t(a) = 2*a + 8. Suppose 10*z - 8 + 48 = 0. Let q be t(z). Suppose q = 3*h + 5*h - 80. What are the prime factors of h?
2, 5
Let d(u) = -u**3 + 18*u**2 - 17*u - 9. Let t be d(17). Let b(k) = k - 3. Let o be b(t). List the prime factors of 3/(o/42 + (-25)/(-14)).
2
Let n = -351 - -355. List the prime factors of ((-20)/(-16) + -2)/(n/(-1424)).
3, 89
Suppose -c - 9 = 2*c + 3*m, -c - 2*m - 6 = 0. Let h = 1 + c. What are the prime factors of ((0 + 7)*h)/(3/6)?
2, 7
Let d be 3 - 26*(-444)/(-8). Let z = d + 2094. What are the prime factors of z?
2, 3, 109
Let z(k) = -5*k + 21. Let x be z(22). Let b = -84 - x. Suppose 3*v - 562 = -2*f, 5*f = 3*v - b*v + 393. List the prime factors of v.
2, 23
Let o = 2470 + -930. Suppose 25*j = 15*j + o. What are the prime factors of j?
2, 7, 11
Let c(y) = 4 - 16*y + 1 + 3*y**2 + 7. Let b be 12 - (6 - 7)*-6. What are the prime factors of c(b)?
2, 3
Suppose 2*w = -3*g + 857, -w + 1257 = 2*w - 5*g. Let v be (-4)/26 + w/52. Suppose -266 = -v*i + 430. What are the prime factors of i?
3, 29
List the prime factors of -596*((-1256)/16 - -17).
2, 3, 41, 149
Let n(c) = 14*c**3 + 18*c**2 + 46*c + 15. Let w(l) = 9*l**3 + 12*l**2 + 30*l + 10. Let p(h) = 5*n(h) - 8*w(h). Let g = 12 + -16. List the prime factors of p(g).
67
Suppose 5*b - 723 = 737. Let s = 430 + b. List the prime factors of s.
2, 19
Let i(h) = h - 1. Suppose 2*c = -69 + 73. Let b(k) = -13*k + 16. Let v(n) = c*b(n) + 18*i(n). What are the prime factors of v(-15)?
2, 67
Let n be (1/3)/((-41)/(-16236)). What are the prime factors of (n/(-110))/(6/(-2020))?
2, 101
Suppose 0 = -43*i + 41*i + 12. Suppose -2*c = i*c + c. Suppose -5*t + 0 = 2*d - 115, -5*d + 5*t + 200 = c. List the prime factors of d.
3, 5
Suppose 2*s + 3*s - 21385 = 31405. What are the prime factors of s?
2, 5279
Let x(v) = v**2 - 22*v + 1316. Let j(r) = 2*r**3 - 9*r**2 - r + 20. Let k be j(4). What are the prime factors of x(k)?
2, 7, 47
Let q be 27/7 + 1 + 24/(-28). Suppose -4*b + 16 = 0, -q*s + 3*b = -1437 + 73. Suppose -4*z + s = 4*i, -z + 0*z = 4*i - 98. What are the prime factors of z?
2, 41
Let m(z) = 3366*z + 127. List the prime factors of m(1).
7, 499
Suppose 0 = -8*b - 35303 + 107743. What are the prime factors of b?
5, 1811
Suppose 42*r - 43*r - v = -81572, -13*r - v = -1060340. List the prime factors of r.
2, 3, 7, 971
Let x(h) = 4*h - 35. Let s be x(8). Let d be 79 - s/((-12)/8). What are the prime factors of (-14)/d - (-2 - (-530)/(-11))?
2, 5
What are the prime factors of (-183738680)/(-3101) + 3/(-7)?
193, 307
Let u(w) = -w**3 + 10*w**2 - 9*w - 17. Let i be u(8). Let s = -35 + i. Suppose 141 = s*d + a, 2*a - 4*a = 3*d - 112. List the prime factors of d.
2, 17
Suppose -w + 5 = 0, 0 = -2*p + 3*w - 18 - 9. What are the prime factors of 4/(0 + p/(-762))?
2, 127
Suppose 102*n - 97*n = 400. Suppose -2*i - 6*o + o = -n, -2*o = -2*i + 108. List the prime factors of i.
2, 5
Let c(f) = 2*f**2 - 152*f + 4059. List the prime factors of c(27).
3, 157
Let l = -19669 + 29020. List the prime factors of l.
3, 1039
Let a(y) = -2*y**2 - 38*y - 36. Let j be a(-18). Suppose j = -14*b + 13*b + 551. What are the prime factors of b?
19, 29
What are the prime factors of 729/(-2)*12/(-18)*(-208)/(-24)?
2, 3, 13
Suppose 5*y + 8 = -3*b, -y = -4*b + 3*y + 32. L